{"id":369532,"date":"2022-03-22T15:30:02","date_gmt":"2022-03-22T14:30:02","guid":{"rendered":"https:\/\/pglorieta.com\/centro-de-segunda-opinion\/"},"modified":"2022-05-12T11:47:11","modified_gmt":"2022-05-12T09:47:11","slug":"centro-de-segunda-opinion","status":"publish","type":"page","link":"https:\/\/pglorieta.com\/es\/centro-de-segunda-opinion\/","title":{"rendered":"Centro de Segunda Opini\u00f3n"},"content":{"rendered":"<p>[et_pb_section fb_built=\u00bb1&#8243; fullwidth=\u00bbon\u00bb disabled_on=\u00bbon|off|off\u00bb _builder_version=\u00bb4.16&#8243; background_enable_image=\u00bboff\u00bb custom_padding=\u00bb|||\u00bb global_colors_info=\u00bb{}\u00bb][et_pb_fullwidth_header text_orientation=\u00bbcenter\u00bb background_overlay_color=\u00bbRGBA(255,255,255,0)\u00bb module_class=\u00bbdct-header-title\u00bb _builder_version=\u00bb4.16&#8243; title_font=\u00bb|700|||||||\u00bb title_text_color=\u00bb#FFFFFF\u00bb content_font=\u00bb||||||||\u00bb background_enable_color=\u00bboff\u00bb background_image=\u00bbhttps:\/\/pglorieta.com\/wp-content\/uploads\/2022\/03\/Zweitmeinungszentrum-Poliklinik-Costa-Blanca.jpg\u00bb background_blend=\u00bboverlay\u00bb background_layout=\u00bblight\u00bb custom_padding=\u00bb125px||||false|false\u00bb custom_padding_tablet=\u00bb\u00bb custom_padding_phone=\u00bb50px|||\u00bb custom_padding_last_edited=\u00bbon|phone\u00bb title_font_size_tablet=\u00bb\u00bb title_font_size_phone=\u00bb28px\u00bb title_font_size_last_edited=\u00bbon|desktop\u00bb title_text_shadow_style=\u00bbpreset5&#8243; title_text_shadow_color=\u00bb#000000&#8243; text_shadow_style=\u00bbpreset3&#8243; text_shadow_color=\u00bb#FFFFFF\u00bb global_colors_info=\u00bb{%22gcid-0a4b8514-58d9-4d28-81c8-4795182d86df%22:%91%22background_color%22%93}\u00bb button_one_text_size__hover_enabled=\u00bboff\u00bb button_two_text_size__hover_enabled=\u00bboff\u00bb button_one_text_color__hover_enabled=\u00bboff\u00bb button_two_text_color__hover_enabled=\u00bboff\u00bb button_one_border_width__hover_enabled=\u00bboff\u00bb button_two_border_width__hover_enabled=\u00bboff\u00bb button_one_border_color__hover_enabled=\u00bboff\u00bb button_two_border_color__hover_enabled=\u00bboff\u00bb button_one_border_radius__hover_enabled=\u00bboff\u00bb button_two_border_radius__hover_enabled=\u00bboff\u00bb button_one_letter_spacing__hover_enabled=\u00bboff\u00bb button_two_letter_spacing__hover_enabled=\u00bboff\u00bb button_one_bg_color__hover_enabled=\u00bboff\u00bb button_two_bg_color__hover_enabled=\u00bboff\u00bb]<\/p>\n<h1 style=\"text-align: center;\">Centro de Segunda Opini\u00f3n<\/h1>\n<h1 style=\"text-align: center;\">Policl\u00ednica Glorieta<\/h1>\n<h1><\/h1>\n<p>[\/et_pb_fullwidth_header][\/et_pb_section][et_pb_section fb_built=\u00bb1&#8243; fullwidth=\u00bbon\u00bb _builder_version=\u00bb4.16&#8243; _module_preset=\u00bbdefault\u00bb global_colors_info=\u00bb{}\u00bb][et_pb_fullwidth_header title=\u00bbCentro de Segunda Opini\u00f3n \u00bb disabled_on=\u00bboff|on|on\u00bb _builder_version=\u00bb4.16&#8243; _module_preset=\u00bbdefault\u00bb title_text_align=\u00bbcenter\u00bb global_colors_info=\u00bb{}\u00bb][\/et_pb_fullwidth_header][\/et_pb_section][et_pb_section fb_built=\u00bb1&#8243; _builder_version=\u00bb4.16&#8243; _module_preset=\u00bbdefault\u00bb global_colors_info=\u00bb{}\u00bb][et_pb_row _builder_version=\u00bb4.16&#8243; _module_preset=\u00bbdefault\u00bb global_colors_info=\u00bb{}\u00bb][et_pb_column type=\u00bb4_4&#8243; _builder_version=\u00bb4.16&#8243; _module_preset=\u00bbdefault\u00bb global_colors_info=\u00bb{}\u00bb][et_pb_text disabled_on=\u00bbon|off|off\u00bb _builder_version=\u00bb4.16&#8243; _module_preset=\u00bbdefault\u00bb text_font_size=\u00bb10px\u00bb custom_margin=\u00bb-25px||||false|false\u00bb global_colors_info=\u00bb{}\u00bb]<\/p>\n<p style=\"text-align: right;\">Foto: Have a nice day &#8211; Adobe Stock<\/p>\n<p>[\/et_pb_text][\/et_pb_column][\/et_pb_row][\/et_pb_section][et_pb_section fb_built=\u00bb1&#8243; _builder_version=\u00bb4.16&#8243; _module_preset=\u00bbdefault\u00bb global_colors_info=\u00bb{}\u00bb][et_pb_row _builder_version=\u00bb4.16&#8243; _module_preset=\u00bbdefault\u00bb global_colors_info=\u00bb{}\u00bb][et_pb_column type=\u00bb4_4&#8243; _builder_version=\u00bb4.16&#8243; _module_preset=\u00bbdefault\u00bb global_colors_info=\u00bb{}\u00bb][et_pb_text _builder_version=\u00bb4.16&#8243; text_font=\u00bb||||||||\u00bb header_font=\u00bb||||||||\u00bb header_text_align=\u00bbcenter\u00bb header_2_font=\u00bb|700||on|||||\u00bb header_2_text_color=\u00bbgcid-0a4b8514-58d9-4d28-81c8-4795182d86df\u00bb header_2_font_size=\u00bb30px\u00bb text_orientation=\u00bbcenter\u00bb custom_margin=\u00bb|||\u00bb custom_padding=\u00bb17px|||||\u00bb global_colors_info=\u00bb{%22gcid-0a4b8514-58d9-4d28-81c8-4795182d86df%22:%91%22header_2_text_color%22%93}\u00bb]<\/p>\n<div class=\"dct-title clearfix\">\n<h2 class=\"hadding\">Tu centro de segunda opini\u00f3n en la Costa Blanca<\/h2>\n<p>El camino a la terapia \u00f3ptima<\/p>\n<\/div>\n<p>[\/et_pb_text][\/et_pb_column][\/et_pb_row][\/et_pb_section][et_pb_section fb_built=\u00bb1&#8243; _builder_version=\u00bb4.16&#8243; _module_preset=\u00bbdefault\u00bb global_colors_info=\u00bb{}\u00bb][et_pb_row _builder_version=\u00bb4.16&#8243; _module_preset=\u00bbdefault\u00bb global_colors_info=\u00bb{}\u00bb][et_pb_column type=\u00bb4_4&#8243; _builder_version=\u00bb4.16&#8243; _module_preset=\u00bbdefault\u00bb global_colors_info=\u00bb{}\u00bb][et_pb_text _builder_version=\u00bb4.16&#8243; _module_preset=\u00bbdefault\u00bb global_colors_info=\u00bb{}\u00bb]<\/p>\n<p>Si no est\u00e1 seguro de si la terapia definida es la adecuada para usted, es recomendable obtener otra opini\u00f3n, la llamada segunda opini\u00f3n de un m\u00e9dico. Tambi\u00e9n tienes esta opci\u00f3n en tu Policl\u00ednica Glorieta para 16 especialidades diferentes.<\/p>\n<p>Para obtener una segunda opini\u00f3n t\u00e9cnicamente bien fundamentada, no importa si ya es paciente con nosotros. Es importante que la experiencia profesional solo se pueda proporcionar despu\u00e9s de un examen y consulta personal.<\/p>\n<p><strong>En \u00faltima instancia, el paciente decide<\/strong><br \/>En el primer paso, examinamos los hallazgos existentes, los registros de los procedimientos de imagen y la recomendaci\u00f3n de terapia previa. Si todos nuestros ex\u00e1menes dan como resultado una segunda opini\u00f3n diferente, nos comunicaremos con el m\u00e9dico que lo trat\u00f3 primero. De esta forma evitamos que un posible conflicto profesional te agobie como paciente. Sin embargo, la decisi\u00f3n de seguir la segunda opini\u00f3n y d\u00f3nde puede ser tratado es cien por ciento suya.<\/p>\n<p><strong>Apoyo e intercambio profesional<\/strong><br \/>Tambi\u00e9n brindamos a nuestros colegas asesoramiento profesional al decidir sobre la terapia m\u00e1s prometedora.<\/p>\n<p>[\/et_pb_text][\/et_pb_column][\/et_pb_row][\/et_pb_section][et_pb_section fb_built=\u00bb1&#8243; _builder_version=\u00bb4.16&#8243; _module_preset=\u00bbdefault\u00bb global_colors_info=\u00bb{}\u00bb][et_pb_row _builder_version=\u00bb4.16&#8243; _module_preset=\u00bbdefault\u00bb global_colors_info=\u00bb{}\u00bb][et_pb_column type=\u00bb4_4&#8243; _builder_version=\u00bb4.16&#8243; _module_preset=\u00bbdefault\u00bb global_colors_info=\u00bb{}\u00bb][et_pb_divider divider_weight=\u00bb4px\u00bb _builder_version=\u00bb4.16&#8243; _module_preset=\u00bbdefault\u00bb width=\u00bb52%\u00bb module_alignment=\u00bbcenter\u00bb global_colors_info=\u00bb{}\u00bb][\/et_pb_divider][\/et_pb_column][\/et_pb_row][\/et_pb_section][et_pb_section fb_built=\u00bb1&#8243; _builder_version=\u00bb4.16&#8243; _module_preset=\u00bbdefault\u00bb global_colors_info=\u00bb{}\u00bb][et_pb_row use_custom_gutter=\u00bbon\u00bb gutter_width=\u00bb1&#8243; module_class=\u00bb et_pb_row_fullwidth\u00bb _builder_version=\u00bb3.25&#8243; width=\u00bb100%\u00bb width_tablet=\u00bb100%\u00bb width_phone=\u00bb100%\u00bb width_last_edited=\u00bbon|desktop\u00bb max_width=\u00bb100%\u00bb max_width_tablet=\u00bb100%\u00bb max_width_phone=\u00bb100%\u00bb max_width_last_edited=\u00bbon|desktop\u00bb custom_padding=\u00bb27px|0px|0|0px|false|false\u00bb make_fullwidth=\u00bbon\u00bb global_module=\u00bb368059&#8243; saved_tabs=\u00bball\u00bb global_colors_info=\u00bb{}\u00bb][et_pb_column type=\u00bb4_4&#8243; _builder_version=\u00bb4.16&#8243; custom_padding=\u00bb|||\u00bb global_colors_info=\u00bb{}\u00bb custom_padding__hover=\u00bb|||\u00bb][et_pb_cta title=\u00bb\u00a1Haga una cita ahora!\u00bb button_url=\u00bbhttps:\/\/pglorieta.com\/es\/contacto\/\u00bb button_text=\u00bbContacto\u00bb module_class=\u00bbdct_cta_1&#8243; _builder_version=\u00bb4.17.1&#8243; header_text_color=\u00bb#FFFFFF\u00bb background_enable_color=\u00bboff\u00bb background_image=\u00bbhttps:\/\/pglorieta.com\/wp-content\/uploads\/2022\/03\/Hintergrund.jpg\u00bb background_position=\u00bbtop_center\u00bb background_blend=\u00bboverlay\u00bb custom_button=\u00bbon\u00bb button_text_size=\u00bb25px\u00bb button_font=\u00bb|||on|||||\u00bb button_icon=\u00bb&#x24;||divi||400&#8243; background_layout=\u00bblight\u00bb custom_padding=\u00bb120px||120px|\u00bb global_colors_info=\u00bb{}\u00bb]<\/p>\n<h3>\u00bfTiene alguna pregunta o le gustar\u00eda hacer una cita? \u00a1Nos complace estar aqu\u00ed para usted! Ll\u00e1manos o escr\u00edbenos.<\/h3>\n<p>[\/et_pb_cta][\/et_pb_column][\/et_pb_row][\/et_pb_section]<\/p>\n","protected":false},"excerpt":{"rendered":"<p>Centro de Segunda Opini\u00f3n Policl\u00ednica Glorieta Foto: Have a nice day &#8211; Adobe Stock Tu centro de segunda opini\u00f3n en la Costa Blanca El camino a la terapia \u00f3ptima Si no est\u00e1 seguro de si la terapia definida es la adecuada para usted, es recomendable obtener otra opini\u00f3n, la llamada segunda opini\u00f3n de un m\u00e9dico. [&hellip;]<\/p>\n","protected":false},"author":3,"featured_media":0,"parent":0,"menu_order":18,"comment_status":"closed","ping_status":"closed","template":"","meta":{"_et_pb_use_builder":"on","_et_pb_old_content":"","_et_gb_content_width":"","_glsr_average":0,"_glsr_ranking":0,"_glsr_reviews":0,"footnotes":""},"class_list":["post-369532","page","type-page","status-publish","hentry"],"_links":{"self":[{"href":"https:\/\/pglorieta.com\/es\/wp-json\/wp\/v2\/pages\/369532","targetHints":{"allow":["GET"]}}],"collection":[{"href":"https:\/\/pglorieta.com\/es\/wp-json\/wp\/v2\/pages"}],"about":[{"href":"https:\/\/pglorieta.com\/es\/wp-json\/wp\/v2\/types\/page"}],"author":[{"embeddable":true,"href":"https:\/\/pglorieta.com\/es\/wp-json\/wp\/v2\/users\/3"}],"replies":[{"embeddable":true,"href":"https:\/\/pglorieta.com\/es\/wp-json\/wp\/v2\/comments?post=369532"}],"version-history":[{"count":7,"href":"https:\/\/pglorieta.com\/es\/wp-json\/wp\/v2\/pages\/369532\/revisions"}],"predecessor-version":[{"id":372358,"href":"https:\/\/pglorieta.com\/es\/wp-json\/wp\/v2\/pages\/369532\/revisions\/372358"}],"wp:attachment":[{"href":"https:\/\/pglorieta.com\/es\/wp-json\/wp\/v2\/media?parent=369532"}],"curies":[{"name":"wp","href":"https:\/\/api.w.org\/{rel}","templated":true}]}}

Centro de Segunda Opinión

<p>[et_pb_section fb_built=»1&#8243; fullwidth=»on» disabled_on=»on|off|off» _builder_version=»4.16&#8243; background_enable_image=»off» custom_padding=»|||» global_colors_info=»{}»][et_pb_fullwidth_header text_orientation=»center» background_overlay_color=»RGBA(255,255,255,0)» module_class=»dct-header-title» _builder_version=»4.16&#8243; title_font=»|700|||||||» title_text_color=»#FFFFFF» content_font=»||||||||» background_enable_color=»off» background_image=»https://pglorieta.com/wp-content/uploads/2022/03/Zweitmeinungszentrum-Poliklinik-Costa-Blanca.jpg» background_blend=»overlay» background_layout=»light» custom_padding=»125px||||false|false» custom_padding_tablet=»» custom_padding_phone=»50px|||» custom_padding_last_edited=»on|phone» title_font_size_tablet=»» title_font_size_phone=»28px» title_font_size_last_edited=»on|desktop» title_text_shadow_style=»preset5&#8243; title_text_shadow_color=»#000000&#8243; text_shadow_style=»preset3&#8243; text_shadow_color=»#FFFFFF» global_colors_info=»{%22gcid-0a4b8514-58d9-4d28-81c8-4795182d86df%22:%91%22background_color%22%93}» button_one_text_size__hover_enabled=»off» button_two_text_size__hover_enabled=»off» button_one_text_color__hover_enabled=»off» button_two_text_color__hover_enabled=»off» button_one_border_width__hover_enabled=»off» button_two_border_width__hover_enabled=»off» button_one_border_color__hover_enabled=»off» button_two_border_color__hover_enabled=»off» button_one_border_radius__hover_enabled=»off» button_two_border_radius__hover_enabled=»off» button_one_letter_spacing__hover_enabled=»off» button_two_letter_spacing__hover_enabled=»off» button_one_bg_color__hover_enabled=»off» button_two_bg_color__hover_enabled=»off»]</p>
<h1 style="text-align: center;">Centro de Segunda Opinión</h1>
<h1 style="text-align: center;">Policlínica Glorieta</h1>
<h1></h1>
<p>[/et_pb_fullwidth_header][/et_pb_section][et_pb_section fb_built=»1&#8243; fullwidth=»on» _builder_version=»4.16&#8243; _module_preset=»default» global_colors_info=»{}»][et_pb_fullwidth_header title=»Centro de Segunda Opinión » disabled_on=»off|on|on» _builder_version=»4.16&#8243; _module_preset=»default» title_text_align=»center» global_colors_info=»{}»][/et_pb_fullwidth_header][/et_pb_section][et_pb_section fb_built=»1&#8243; _builder_version=»4.16&#8243; _module_preset=»default» global_colors_info=»{}»][et_pb_row _builder_version=»4.16&#8243; _module_preset=»default» global_colors_info=»{}»][et_pb_column type=»4_4&#8243; _builder_version=»4.16&#8243; _module_preset=»default» global_colors_info=»{}»][et_pb_text disabled_on=»on|off|off» _builder_version=»4.16&#8243; _module_preset=»default» text_font_size=»10px» custom_margin=»-25px||||false|false» global_colors_info=»{}»]</p>
<p style="text-align: right;">Foto: Have a nice day &#8211; Adobe Stock</p>
<p>[/et_pb_text][/et_pb_column][/et_pb_row][/et_pb_section][et_pb_section fb_built=»1&#8243; _builder_version=»4.16&#8243; _module_preset=»default» global_colors_info=»{}»][et_pb_row _builder_version=»4.16&#8243; _module_preset=»default» global_colors_info=»{}»][et_pb_column type=»4_4&#8243; _builder_version=»4.16&#8243; _module_preset=»default» global_colors_info=»{}»][et_pb_text _builder_version=»4.16&#8243; text_font=»||||||||» header_font=»||||||||» header_text_align=»center» header_2_font=»|700||on|||||» header_2_text_color=»gcid-0a4b8514-58d9-4d28-81c8-4795182d86df» header_2_font_size=»30px» text_orientation=»center» custom_margin=»|||» custom_padding=»17px|||||» global_colors_info=»{%22gcid-0a4b8514-58d9-4d28-81c8-4795182d86df%22:%91%22header_2_text_color%22%93}»]</p>
<div class="dct-title clearfix">
<h2 class="hadding">Tu centro de segunda opinión en la Costa Blanca</h2>
<p>El camino a la terapia óptima</p>
</div>
<p>[/et_pb_text][/et_pb_column][/et_pb_row][/et_pb_section][et_pb_section fb_built=»1&#8243; _builder_version=»4.16&#8243; _module_preset=»default» global_colors_info=»{}»][et_pb_row _builder_version=»4.16&#8243; _module_preset=»default» global_colors_info=»{}»][et_pb_column type=»4_4&#8243; _builder_version=»4.16&#8243; _module_preset=»default» global_colors_info=»{}»][et_pb_text _builder_version=»4.16&#8243; _module_preset=»default» global_colors_info=»{}»]</p>
<p>Si no está seguro de si la terapia definida es la adecuada para usted, es recomendable obtener otra opinión, la llamada segunda opinión de un médico. También tienes esta opción en tu Policlínica Glorieta para 16 especialidades diferentes.</p>
<p>Para obtener una segunda opinión técnicamente bien fundamentada, no importa si ya es paciente con nosotros. Es importante que la experiencia profesional solo se pueda proporcionar después de un examen y consulta personal.</p>
<p><strong>En última instancia, el paciente decide</strong><br />En el primer paso, examinamos los hallazgos existentes, los registros de los procedimientos de imagen y la recomendación de terapia previa. Si todos nuestros exámenes dan como resultado una segunda opinión diferente, nos comunicaremos con el médico que lo trató primero. De esta forma evitamos que un posible conflicto profesional te agobie como paciente. Sin embargo, la decisión de seguir la segunda opinión y dónde puede ser tratado es cien por ciento suya.</p>
<p><strong>Apoyo e intercambio profesional</strong><br />También brindamos a nuestros colegas asesoramiento profesional al decidir sobre la terapia más prometedora.</p>
<p>[/et_pb_text][/et_pb_column][/et_pb_row][/et_pb_section][et_pb_section fb_built=»1&#8243; _builder_version=»4.16&#8243; _module_preset=»default» global_colors_info=»{}»][et_pb_row _builder_version=»4.16&#8243; _module_preset=»default» global_colors_info=»{}»][et_pb_column type=»4_4&#8243; _builder_version=»4.16&#8243; _module_preset=»default» global_colors_info=»{}»][et_pb_divider divider_weight=»4px» _builder_version=»4.16&#8243; _module_preset=»default» width=»52%» module_alignment=»center» global_colors_info=»{}»][/et_pb_divider][/et_pb_column][/et_pb_row][/et_pb_section][et_pb_section fb_built=»1&#8243; _builder_version=»4.16&#8243; _module_preset=»default» global_colors_info=»{}»][et_pb_row use_custom_gutter=»on» gutter_width=»1&#8243; module_class=» et_pb_row_fullwidth» _builder_version=»3.25&#8243; width=»100%» width_tablet=»100%» width_phone=»100%» width_last_edited=»on|desktop» max_width=»100%» max_width_tablet=»100%» max_width_phone=»100%» max_width_last_edited=»on|desktop» custom_padding=»27px|0px|0|0px|false|false» make_fullwidth=»on» global_module=»368059&#8243; saved_tabs=»all» global_colors_info=»{}»][et_pb_column type=»4_4&#8243; _builder_version=»4.16&#8243; custom_padding=»|||» global_colors_info=»{}» custom_padding__hover=»|||»][et_pb_cta title=»¡Haga una cita ahora!» button_url=»https://pglorieta.com/es/contacto/» button_text=»Contacto» module_class=»dct_cta_1&#8243; _builder_version=»4.17.1&#8243; header_text_color=»#FFFFFF» background_enable_color=»off» background_image=»https://pglorieta.com/wp-content/uploads/2022/03/Hintergrund.jpg» background_position=»top_center» background_blend=»overlay» custom_button=»on» button_text_size=»25px» button_font=»|||on|||||» button_icon=»&#x24;||divi||400&#8243; background_layout=»light» custom_padding=»120px||120px|» global_colors_info=»{}»]</p>
<h3>¿Tiene alguna pregunta o le gustaría hacer una cita? ¡Nos complace estar aquí para usted! Llámanos o escríbenos.</h3>
<p>[/et_pb_cta][/et_pb_column][/et_pb_row][/et_pb_section]</p>

<p>Centro de Segunda Opinión Policlínica Glorieta Foto: Have a nice day &#8211; Adobe Stock Tu centro de segunda opinión en la Costa Blanca El camino a la terapia óptima Si no está seguro de si la terapia definida es la adecuada para usted, es recomendable obtener otra opinión, la llamada segunda opinión de un médico. [&hellip;]</p>
